ctors of r?
3
Suppose -h + 4 = -5*h. Let p = 12 - 6. Let a = p + h. List the prime factors of a.
5
Let l(r) = -r + 5. Let f(p) = -6*p + 26. Let q(m) = 4*f(m) - 22*l(m). Let v be q(-6). Let n = v + -1. List the prime factors of n.
5
Suppose -2*s = -4*z, -2*z = 3*s - s - 12. Suppose -2*t - 4*f = -36 + z, -5*t = 2*f - 61. List the prime factors of t.
11
Let u = -35 - -49. Suppose u = -s + 3*s. What are the prime factors of s?
7
Let b = -28 + 20. Suppose -3*s + 52 + 20 = 0. Let k = b + s. What are the prime factors of k?
2
Suppose 3 = -v + 4. Suppose -4*s + 27 = -v. List the prime factors of s.
7
Let q be (-2 + -28)*30/(-5). List the prime factors of (-2)/(5/(q/(-8))).
3
Let t be -5 + (-1 + 2)*0. Let q(f) = -4*f - 3. What are the prime factors of q(t)?
17
Let j be (-3 - -5)*(-2 - 0). Let u = 1 - j. What are the prime factors of u?
5
Let i = -7 - -313. What are the prime factors of i?
2, 3, 17
Suppose a + 126 = -5*n, n - 6*n - 121 = -4*a. Let z = 45 + n. What are the prime factors of z?
2, 5
Suppose 2*o - 3*o + 47 = 0. What are the prime factors of o?
47
Let q(b) = b**2 - 3*b + 7. Let p be q(6). Suppose 0 = -5*z - 5*i + p, 4*z - 2*i - 13 = i. List the prime factors of z.
2
Let y(w) = w**2 + 5*w - 4. Suppose 3*p + 16 = -2. Let h be y(p). Suppose -i + 12 = 2*i + 5*m, -i + 3 = h*m. List the prime factors of i.
3
Suppose 312 - 74 = 2*m. Suppose -5*j + 262 - 62 = -5*k, 3*j - m = 4*k. List the prime factors of j.
41
Let j(q) be the third derivative of -q**4/24 - 5*q**3/6 + 4*q**2. What are the prime factors of j(-12)?
7
Let v(f) = -4*f + 13. What are the prime factors of v(-20)?
3, 31
Suppose 0 = 5*b + 147 - 587. Suppose -4*m = -0*m - b. List the prime factors of m.
2, 11
Let d(c) = c**3 + 3*c**2 + c + 2. Let l be d(-3). List the prime factors of 21/(-3)*(l + 0).
7
Let x = -63 + 92. List the prime factors of x.
29
Let h = -515 - -845. What are the prime factors of h?
2, 3, 5, 11
Let f(t) = 3*t - 3*t**3 + t + t**2 + 8*t**3. Let l(z) = -6*z**3 - 2*z**2 - 5*z + 1. Let g(h) = 5*f(h) + 4*l(h). What are the prime factors of g(3)?
2
Suppose 7*k - 15 = 4*k. Suppose k*m - 3*i - 17 = 0, 4*m - 2*i + 2 = 16. What are the prime factors of m?
2
Suppose 0 = -5*n - i - 50, 2*n + 0*n = -2*i - 20. Let o(l) = -2*l - 15. What are the prime factors of o(n)?
5
List the prime factors of (-38170)/(-198) + 2/9.
193
Suppose 2*q = 2*i - 0*q - 78, -i + 2*q = -36. List the prime factors of i.
2, 3, 7
What are the prime factors of 114 + -1 + 44/11?
3, 13
Let o(u) = -u**2 + 9*u + 2. Let v(g) = -1. Let i(k) = -o(k) - 6*v(k). Let q be i(9). Suppose -q*z + 30 = z. List the prime factors of z.
2, 3
Let i be (-4)/(-6) + (-22)/6. List the prime factors of 20 - i/(1/(-1)).
17
Let l = -1 + 4. Suppose q - 5*w = -0 - l, -2*w + 6 = 0. What are the prime factors of q?
2, 3
Suppose -7*l = -0*l - 1155. What are the prime factors of l?
3, 5, 11
Let k = -7 - -12. Suppose -z = k*z - 42. What are the prime factors of z?
7
Let i(r) = r**3 - 4*r - 2. Let k be i(5). Suppose -4*u + p = -p - 146, 0 = 2*u + 5*p - k. Suppose 4*y - 9 - u = 0. What are the prime factors of y?
2, 3
Let x = -37 + 115. Suppose -2*q = -v - x, -q + v + 2*v = -44. List the prime factors of q.
2, 19
Suppose 0 = -4*i - 5*t - 37 + 94, t = -2*i + 27. List the prime factors of i.
13
Let o(i) = -i**2 + 2. Let t be o(-2). Let b(v) = -3*v**3 - v**2 + v + 2. What are the prime factors of b(t)?
2, 5
Let p = -10 + 7. List the prime factors of p - (-2 - 78/3).
5
Let x = -4 - -4. Suppose 2*d - 3*k - 21 = x, -20 = -2*k + 6*k. Suppose d*n - 19 = 29. List the prime factors of n.
2
Suppose 2*k = -k - 21. Let s = -2 - k. What are the prime factors of s?
5
What are the prime factors of ((-17)/(-51))/(1/246)?
2, 41
Let z be 6/(-4)*(-728)/12. Let a = -64 + z. What are the prime factors of a?
3
Let z be 2/(-4)*0/(-2). Suppose -4*q + 5*p = -40, 3*p + 2*p = 0. Suppose 3*h - q - 26 = z. List the prime factors of h.
2, 3
Suppose 57*c = 54*c + 24. List the prime factors of c.
2
Let y be 66/(-4)*(-4)/3. Let r = -2 + y. What are the prime factors of r?
2, 5
Let d(l) = -5*l**3 + l**2 + 2*l + 1. Let k be d(-1). Let c(g) = -g**2 + 6*g. List the prime factors of c(k).
5
Let i(p) = p - 4. Let n be i(8). Suppose -g - b = 2*g + 82, 0 = b + n. Let w = -11 - g. List the prime factors of w.
3, 5
Suppose -5*i = 3*l + 2, -3*l + 6*i - 2*i + 7 = 0. Let u = l - -47. List the prime factors of u.
2, 3
Suppose -11*x = -3*x + 32. Suppose 19 - 7 = r. Let m = x + r. What are the prime factors of m?
2
Let b be -2 + (4 - 2)*16. Let l = b + -15. List the prime factors of l.
3, 5
Suppose -w = -195 - 18. List the prime factors of w.
3, 71
Suppose 3*n - 516 + 111 = 0. List the prime factors of n.
3, 5
Suppose 5*k = -38 - 47. List the prime factors of (-1)/(4/k)*4.
17
Let b = 25 + -19. List the prime factors of b.
2, 3
Let u = 9 + 24. List the prime factors of u.
3, 11
Suppose 3*x + h - 56 = -21, -47 = -5*x + 4*h. Suppose 0 = -2*m - x - 1. Let u = m + 20. List the prime factors of u.
2, 7
What are the prime factors of ((-2)/(-5))/((-1)/(-85))?
2, 17
Let u(i) = -i**2 - 7*i - 7. Let a be u(-5). Suppose 0*w - a*w + 54 = 0. List the prime factors of w.
2, 3
Let r = 3 - -5. Let g = -5 + r. What are the prime factors of g?
3
Let l(a) = -3*a + 4. Let p be l(-5). Suppose 2*i - 2*c = 50, 4*i + 2*c + 37 = 161. Let y = i - p. List the prime factors of y.
2, 5
Let l = 2 + -2. Suppose l*s = s. Let c = 12 - s. List the prime factors of c.
2, 3
Let w(c) = -c + 5. Let y be w(-13). Suppose -2*f + 4*i = -3*f + y, -93 = -3*f + i. What are the prime factors of f?
2, 3, 5
Suppose 0*m - 3*m = -4*v + 122, -m = -v + 31. What are the prime factors of v?
29
Let r be -11 + 0 + (-3)/3. Let d = -6 - r. Let i(m) = m + 1. List the prime factors of i(d).
7
Let y = 325 - 184. List the prime factors of y.
3, 47
Suppose 0*g - 2*g = 8. Let w(x) = x**3 + 8*x**2 - x - 2. Let n(l) = -l**3 - 7*l**2 + 2*l + 3. Let r(z) = -4*n(z) - 3*w(z). What are the prime factors of r(g)?
2, 7
Let o = 6 + -4. Let t be o/5 + 24/(-10). List the prime factors of 20 - (t + -2 + 2).
2, 11
Suppose 4*i = 0, -4*m + 4*i + 820 = i. List the prime factors of m.
5, 41
Let u be 0 - 3 - (-8 - -1). Suppose -u*s - 5 = 7. What are the prime factors of (-61)/s - 4/(-6)?
3, 7
Let p(b) = -10*b + 13. What are the prime factors of p(-3)?
43
Suppose 6*g - 20 = 40. What are the prime factors of (14 - 0)*35/g?
7
Suppose 0*f + 5*i - 55 = -5*f, -5*f + 3*i = -79. What are the prime factors of f?
2, 7
Let p = -70 - -153. What are the prime factors of p?
83
Let t(a) = a**3 + 7*a**2 - 13*a - 1. Let y(o) = -o + 1. Let f(j) = t(j) - 5*y(j). Let d be f(-8). Let n(m) = -3*m - 8. What are the prime factors of n(d)?
2, 5
Suppose 13 = 4*t - 3. Suppose 24 = 2*f - t*a, 4*f + 3*a - 23 - 3 = 0. What are the prime factors of f?
2
Let d(o) = 4*o + 8. Let q(m) = 2*m + 4. Let i(t) = 2*d(t) - 5*q(t). Let b(g) = g**2 + 4*g - 5. Let y be b(-4). What are the prime factors of i(y)?
2, 3
Let s = 1 - -19. List the prime factors of (-26)/(-10) - 12/s.
2
Let g(f) = -3*f**2 - 2*f - 1. Let d be g(-1). Let c = d + 4. List the prime factors of c.
2
Let n(q) = q**2 - 15. Let r be n(11). Suppose 0 = -4*g + 38 + r. What are the prime factors of g?
2, 3
Suppose -5*c - 12 = 33. List the prime factors of 13 + (c/(-3))/3.
2, 7
Suppose 8 = 4*l - g, 4*l - 6*l + 4 = 5*g. Suppose -l*z + 75 = z. What are the prime factors of z?
5
Let j(p) = -p**3 - 9*p**2 + 9*p + 12. List the prime factors of j(-10).
2, 11
Suppose -38 = -2*s + 62. List the prime factors of s.
2, 5
Let m(c) = -c**2 - 7*c - 7. Let w be m(-5). Suppose 0 = w*l - 2 + 5. Let p(d) = 8*d**2 + 1. List the prime factors of p(l).
3
Let w = 563 - 395. What are the prime factors of w?
2, 3, 7
Let d(n) = -n**2 + 6*n - 3. Let m be d(5). Suppose m + 2 = -4*p, -3*p + 37 = 2*z. What are the prime factors of 6/(-5)*z/(-6)?
2
Let s(v) = v**3 - v**2 + 5. What are the prime factors of s(3)?
23
Let l = -17 + 21. What are the prime factors of l?
2
Suppose -1 - 35 = -g. Let n = g + -19. List the prime factors of n.
17
Suppose 8*u - 6 = 5*u. Suppose -u*s + 16 = 2*s. Let k(f) = 5*f. What are the prime factors of k(s)?
2, 5
Suppose 591 + 357 = 3*o. List the prime factors of o.
2, 79
Suppose -1 = -3*l + 8. Suppose 0 = -l*x + 88 + 50. List the prime factors of x.
2, 23
Le